*h + 1041. Let f be s(24). What is q(f)?
-7
Let l be 728/(-84)*((-3)/2 - 0). Suppose -15*n = -l*n - 6. Let u(y) = y**2 - y + 3. Calculate u(n).
9
Let f(k) = -28*k + 170. Let u be f(6). Let o(t) = -16400*t + 16400*t - 1 - 12*t**u. Suppose 0 = 4*z - w + 7, -13 - 7 = 5*z - 5*w. Give o(z).
-13
Let d(v) = 96*v + 879. Let f be d(-9). Let w(g) = -g**3 + 15*g**2 - g - 7. Give w(f).
-22
Let b(q) = -2*q**2 + 21*q - 21. Let m be (-100)/6*-12*9/180. Give b(m).
-11
Let n(y) = 7*y**2 - y - 18*y**3 + 0*y - 14 + 19*y**3. Let d = -11 + 4. Let p be n(d). Let c(v) = v**3 + 7*v**2 + v + 4. Determine c(p).
-3
Let m(v) be the first derivative of -11*v**2/2 + 36*v + 11904. What is m(5)?
-19
Suppose -3*d = 6*d - 18. Let u(h) = -d*h - 144 + 301 + 3*h - 2*h - 115. What is u(0)?
42
Let z be (0*(-1 + 0)/1)/(-2). Let n(r) = r**3 + r**2 + r - 41. Let q(v) = 3*v**3 + 3*v**2 + 4*v - 123. Let l(g) = -7*n(g) + 2*q(g). Give l(z).
41
Let f(y) be the second derivative of -y - 1/2*y**2 - 29/6*y**3 - 61. Calculate f(-1).
28
Let a(g) = g**3 + g**2 - 6*g - 3. Suppose 3360 = -2*o + 3364. What is a(o)?
-3
Let w(c) = c**3 + 7*c**2 + 9*c - 28. Let z = -5970 - -5964. Determine w(z).
-46
Suppose -q - 25 + 32 = 0. Let z(h) = q*h - 1 - 6*h**2 + 4*h**2 + 3*h**2 + 3 + 3. Calculate z(-4).
-7
Let h(o) = o**3 - 16*o**2 - 3*o - 26. Let g be h(13). Let n = -569 - g. Let b(k) = -4*k - 2 + 2*k - 2. Determine b(n).
-10
Let f(d) = 7*d - 3. Let o(r) = 27*r - 17. Let p(b) = 4*f(b) - o(b). Suppose -4*z - 1 = -5, 0 = -5*i + 5*z - 20. Calculate p(i).
2
Let d(w) = 14*w - 1. Let x(y) = y**2 - 9*y - 7. Let r = 43 - 33. Let j be x(r). Suppose 3*b + 9 = -3*v, 12 = j*b + b - 2*v. Give d(b).
13
Suppose -r = -18 + 10. Suppose 0 = a - 2 - 1, 2*q + 2*a - r = 0. Let c(g) be the second derivative of 2*g**5/5 - g**4/12 + g**3/3 - g**2/2 + g. Give c(q).
8
Let b(z) = 27*z**2 - 13*z + 14. Let c(x) = -4*x**2 + x - 2. Let m(v) = b(v) + 5*c(v). What is m(4)?
84
Let b(j) = 7*j**2 + 68*j - 16. Let c(u) = -13*u**2 - 120*u + 33. Let x(s) = -11*b(s) - 6*c(s). Determine x(28).
-22
Suppose 25*t = 44*t - 95. Let x(r) = -r - 5. What is x(t)?
-10
Let u(d) = -d + 3. Suppose -4*s + 1372 = -2*o, -4*o - 698 = -2*s - 0*o. Let w be s/55 - (3 - (-28)/(-10)). Give u(w).
-3
Let i(y) = 21 - y**2 + 2 - 2 - 15 + 21*y + 4. Give i(0).
10
Let u(g) = -g**3 + 3*g**2 + g. Suppose 2*f + a + 3 = 0, 2*f - 6 = -3*a - a. Suppose -4*b = b - 240. Let i be (-4)/(b/(-4))*-3*f. What is u(i)?
3
Suppose 5*k + 1961 + 134 = 0. Let b = -424 - k. Let l(v) = -v**3 - 5*v**2 + 3*v + 6. Determine l(b).
-9
Let v(h) be the first derivative of h**4/4 + 4*h**3/3 - h**2/2 + 14*h + 3248. What is v(-5)?
-6
Suppose 5*j - 33 = y, 4*y - 31*j - 36 = -35*j. Let d(a) = -4*a. Let p be d(-1). Let h(i) = 1 + 5*i**y + 2*i**2 - p*i**2 - 2. Determine h(1).
2
Suppose v - z = -v + 54, 3*v = z + 80. Suppose 29*f - v*f = 12. Let m(c) = 15*c - 7*c - 9*c + 3*c**2 + c**3 - f. Calculate m(-3).
-1
Suppose 2*t + 18*d - 15*d = 18, -t + 4*d - 13 = 0. Suppose -2*z = 2*n + 2, 3*z + 8 = -t*n + 5*z. Let f(s) = 4*s**3 + 3*s**2 + 2*s + 3. Give f(n).
-21
Let f(s) = 11*s + 1. Let w = -66 + 79. Suppose -j = -5*p - w, 21 = 14*j - 9*j - 3*p. What is f(j)?
34
Let p(t) = -6*t - 13. Let v = -6506 - -6504. Calculate p(v).
-1
Suppose -17*g = -103 - 50. Suppose 234 = -g*s - 17*s. Let q(l) = l**2 + 7*l - 12. Determine q(s).
6
Let w(p) = -15*p**3 + 5*p**2 - 12*p + 1. Let v(y) = 7*y**3 - 2*y**2 + 6*y. Let i(d) = 13*v(d) + 6*w(d). Let m be 11235/(-3745) + (-2 - -1)*1. Give i(m).
-18
Let s(x) = -45*x**3 - 2*x - 4. Let n be s(-1). Suppose o = n*i - 38*i - 7, i = o - 1. Let c(q) = 2*q**3 - 2*q**2 - 2*q - 2. Calculate c(o).
28
Let n(j) = -j - 10. Suppose -16 = -4*z, -16 = 2*i + z + z. Let a be i/54*-3*-18. Calculate n(a).
2
Let g(k) = k**2 - 2*k + 6. Let m(j) = j**2 - 3*j + 6. Let y(o) = 3*g(o) - 2*m(o). Let b(a) = 2*a**3 + 264*a**2 + 1020*a - 512. Let h be b(-128). Calculate y(h).
6
Let x(u) be the third derivative of u**4/8 - 5*u**3/3 + 935*u**2. Give x(-6).
-28
Let x(b) = b**2 + 10*b + 16. Let d be x(-5). Let g be (d/(-6))/(1/2). Let s(r) = -15*r**3 - 2*r - 3*r + 26*r**g + 4*r. What is s(-1)?
-10
Let g be (1705/31)/(-55)*-3*(-1 - -2). Let f(v) = -6*v**3 - 2*v**2 - 3*v + 4. Let t(a) = -a**3 - a**2. Let p(b) = -f(b) + 5*t(b). Give p(g).
5
Let h(x) = 7*x**2 + 2*x - 1. Let g(n) = -2*n**3 - 62*n**2 + 1. Let u be (-3 + 21/6)/((-2)/124). Let f be g(u). Calculate h(f).
8
Let p(b) be the first derivative of -10 + 0*b**2 + 0*b**4 + 0*b + 1/12*b**5 + 4/3*b**3. Let h(f) be the third derivative of p(f). Determine h(1).
10
Let o(h) = -h - 5. Let q(f) = -f**3 - f**2. Let u be q(0). Let t be 1 + (1 - 0) + u. Suppose -t*y - y = y. Determine o(y).
-5
Suppose 6*m + 693 = 15*m. Let i = m + -75. Let l(h) = -3*h**2 + 4*h + 1. Let v be l(i). Let p(g) = -2*g + 1. What is p(v)?
7
Let u = 260 - 247. Let n(t) = 7*t - u*t + 8*t - 47. Determine n(22).
-3
Let r(b) = b**2 + 4. Let u be r(-3). Let n(h) = -6*h - 1 + 1 + 29*h**2 - 28*h**2 - 1 + u. What is n(4)?
4
Suppose -35*m + 664 - 139 = 0. Let q(a) = m*a + 16*a + 8 + 24*a + a**2 - 46*a. Determine q(-7).
-6
Let h(l) = 5*l**3 - 44*l**2 + 51*l - 161. Let f be h(8). Let j(o) = -5 - 4 - o**3 - 10*o - 2 - 10*o**2. Calculate j(f).
-2
Let k(c) = -c**2 - 12 - 2*c**2 - 6 - 2*c**3. Let g = -1299 + 1302. Let x(i) = -i**3 - 2*i**2 - 9. Let p(q) = g*k(q) - 5*x(q). Give p(0).
-9
Suppose 5*u - j = 78, -4*u + 39 = 7*j - 0*j. Let h(d) = -d**3 + 14*d**2 + 11*d + 39. Determine h(u).
-21
Let a(i) = i**3 - 3. Let c(h) = -11*h**2 - h + 10. Let x(w) = -2*w**2 - w + 2. Let b(k) = -3*c(k) + 15*x(k). Suppose 0 = 3*r - 1 - 11. Let l be b(r). Give a(l).
-3
Suppose 5*t - 13 = -5*h + 12, 4*h - 2*t = 20. Suppose -h*o = -9*o + 8. Let a(u) = 3*u - 5*u - 1 + u - u**o + 0*u. Calculate a(-1).
-1
Let w(n) = -136*n**2 - 3 - n**3 + 52*n**2 - 8 + 26*n**2 + 48*n**2 - 13*n. Determine w(-8).
-35
Let y = -3158 + 3166. Let d(h) = -4*h + 32. Determine d(y).
0
Let i be -17 + -7 + 16 + 4. Let m(r) = -17*r - 6 + 10*r + 11*r + r**2. What is m(i)?
-6
Suppose 1287 = -59*p + 1228. Let m(a) = 7*a**2 - 3*a - 3. Determine m(p).
7
Let s(t) = t**3 - 4*t**2 - 3*t - 3. Let v(i) = 49*i + 417. Let y be v(-8). Let c be (-3 + 4)/(y/100). Give s(c).
-15
Suppose 0 = 5*a - 10, a + 0 + 3 = -s. Let o(c) = c - 1. Let z(k) = k**3 + 6*k**2 + 4*k + 3. Let b(g) = 3*o(g) + z(g). Determine b(s).
-10
Let h(q) be the third derivative of q**4/4 - 28*q**3/3 + 4*q**2 - 74*q. Give h(6).
-20
Let k(n) = 4 - 76*n**2 - 2*n + 77*n**2 + 5*n. Suppose 4 - 2 = -u. Let h be k(u). Let c(w) = -w**3 + 2*w + 1. Give c(h).
-3
Let o(m) = -2 - 2*m + 0*m - 4. Suppose u = -6*k - 15, -6565*k + 30 = -6568*k + u. Determine o(k).
4
Let q(b) be the second derivative of b**5/20 - 4*b**4/3 - 17*b**3/6 + 3*b**2/2 + 160436*b. Let r be (-1)/2 - (-35)/2. Calculate q(r).
3
Let t be 28/(-224) - ((-3)/(-5))/(40/(-275)). Let h(b) = b**2 - 2*b. Calculate h(t).
8
Suppose -5*g + 15 = -2*g. Suppose 2*p - 31 = -0*p - g*k, 5*p = 4*k - 5. Let r(j) = -4 + 13 - 8*j + 1 + j**p - 10*j**2 - 2*j**3. What is r(-9)?
1
Let y be 5 + (8/10 - (-9)/45). Let o(l) = l**2. Let j be o(y). Let w be (-136)/(-36) - (-8)/j. Let h(m) = m**2 - 7*m + 5. Determine h(w).
-7
Let m(c) = -c**2 - 3*c + 8. Let z = 48 - 45. Let n(t) = 0*t + 2 + 4*t**2 + t**z - 6*t - 9 - 4. Let v be n(-5). Determine m(v).
-10
Let k(l) = -7*l + 4. Suppose 3*m + 69 = 2*d, -141 = -40*d + 35*d - 3*m. Let b be (d/(-42))/((-2)/14). Determine k(b).
-31
Let a = -242 + 248. Suppose 68 = -a*w + 23*w. Let j(l) = l**2 - 5*l - 5. Calculate j(w).
-9
Suppose 293*j = -625 - 254. Let n(p) = -40*p - 5. Give n(j).
115
Let n(v) = v - 3. Suppose 2*y - 5*y = 147. Let q be y/(-7) + -2 + 2. Let j = q - 3. Determine n(j).
1
Let w(h) = 2*h - 6. Let q(b) = -b + 1. Suppose 2*x = -2*p + 2, -5*p = x + 2*x - 5. Let m(l) = p*w(l) + 3*q(l). Suppose 38*c - 15 = 43*c. Determine m(c).
0
Let u = -21476 + 21460. Let t(s) = -s**2 + 3*s + 294. What is t(u)?
-10
Let v(z) = -z**3 - 2*z + 1. Suppose -6*a = 2*a - 16. Let d(n) = 3*n**3 - 13*n**2 + 15*n + 11. Let o(p) = a*v(p) + d(p). Calculate o(12).
1
Let h(k) = 8*k - 5432*k**2 + 2711*k**2 + 2719*k**2 + 8. Give h(5).
-2
Let o be -8 + -2 + (-540)/(-105)*28/8. Let h(w) be the second derivative of -w**5/20 + 3*w**4/4 - 4*w**3/3 - 15*w**2/2 - 4*w. Give h(o).
-15
Let 